{"id":2,"date":"2014-01-28T12:55:07","date_gmt":"2014-01-28T12:55:07","guid":{"rendered":"http:\/\/test.kullakapell.nu\/?page_id=2"},"modified":"2025-11-09T15:13:41","modified_gmt":"2025-11-09T15:13:41","slug":"sample-page","status":"publish","type":"page","link":"https:\/\/www.kullakapell.nu\/?page_id=2","title":{"rendered":"Kontakt"},"content":{"rendered":"<p>F\u00f6r bokning av tider f\u00f6r br\u00f6llop, barndop, begravning mm, kontakta:<br \/>\nExpeditionen, H\u00f6reda\u00a0 pastorat, Hult Tel: 0381-662300 eller vaktm\u00e4starna.<\/p>\n<p><strong>Kulla kapellf\u00f6reningens ordf\u00f6rande<\/strong>: <em>Agneta Holm Mobil: 073-0709654<\/em><br \/>\n<strong> Kulla Lilla Syf\u00f6reningens ordf\u00f6rande<\/strong>: <em>Ann-Marie Olaison Mobil 070-6937976<\/em><br \/>\n<strong>Stickcaf\u00e9et<\/strong>: <em>Gun Fransson \u00a0Mobil: 073-9287570<br \/>\n<\/em><strong>V\u00e4gkyrkan<\/strong>: <em>Gun Fransson Mobil: 073-9287570<\/em><\/p>\n","protected":false},"excerpt":{"rendered":"<p>F\u00f6r bokning av tider f\u00f6r br\u00f6llop, barndop, begravning mm, kontakta: Expeditionen, H\u00f6reda\u00a0 pastorat, Hult Tel: 0381-662300 eller vaktm\u00e4starna. Kulla kapellf\u00f6reningens ordf\u00f6rande: Agneta Holm Mobil: 073-0709654 Kulla Lilla Syf\u00f6reningens ordf\u00f6rande: Ann-Marie Olaison Mobil 070-6937976 Stickcaf\u00e9et: Gun Fransson \u00a0Mobil: 073-9287570 V\u00e4gkyrkan: Gun Fransson Mobil: 073-9287570<\/p>\n","protected":false},"author":1,"featured_media":0,"parent":0,"menu_order":0,"comment_status":"open","ping_status":"open","template":"","meta":[],"_links":{"self":[{"href":"https:\/\/www.kullakapell.nu\/index.php?rest_route=\/wp\/v2\/pages\/2"}],"collection":[{"href":"https:\/\/www.kullakapell.nu\/index.php?rest_route=\/wp\/v2\/pages"}],"about":[{"href":"https:\/\/www.kullakapell.nu\/index.php?rest_route=\/wp\/v2\/types\/page"}],"author":[{"embeddable":true,"href":"https:\/\/www.kullakapell.nu\/index.php?rest_route=\/wp\/v2\/users\/1"}],"replies":[{"embeddable":true,"href":"https:\/\/www.kullakapell.nu\/index.php?rest_route=%2Fwp%2Fv2%2Fcomments&post=2"}],"version-history":[{"count":8,"href":"https:\/\/www.kullakapell.nu\/index.php?rest_route=\/wp\/v2\/pages\/2\/revisions"}],"predecessor-version":[{"id":2625,"href":"https:\/\/www.kullakapell.nu\/index.php?rest_route=\/wp\/v2\/pages\/2\/revisions\/2625"}],"wp:attachment":[{"href":"https:\/\/www.kullakapell.nu\/index.php?rest_route=%2Fwp%2Fv2%2Fmedia&parent=2"}],"curies":[{"name":"wp","href":"https:\/\/api.w.org\/{rel}","templated":true}]}}