{"id":62,"date":"2014-01-29T08:06:55","date_gmt":"2014-01-29T08:06:55","guid":{"rendered":"http:\/\/test.kullakapell.nu\/?page_id=62"},"modified":"2025-11-09T15:15:48","modified_gmt":"2025-11-09T15:15:48","slug":"foreningen","status":"publish","type":"page","link":"https:\/\/www.kullakapell.nu\/?page_id=62","title":{"rendered":"F\u00f6reningen"},"content":{"rendered":"<p>Kulla Kapell \u00e4gs och drivs av den ideella <strong>Kulla Kapellf\u00f6reningen<\/strong>.<br \/>\n\u00c5rsm\u00f6te h\u00e5lls i mars m\u00e5nad.<br \/>\nMedlem i kapellf\u00f6reningen blir man genom att betala in 50 :- (enskild person),<br \/>\n100:- (familj) p\u00e5 plusgiro 930929-5. Uppge namn och adress.<\/p>\n<h1>Grupper och aktiviteter i Kulla kapell<\/h1>\n<p><strong>Kulla Lilla Syf\u00f6rening<\/strong> grundades redan 1911. Samlingar och utflykter st\u00e5r p\u00e5 programmet. Syf\u00f6reningen sk\u00e4nker pengar till kapellets prydnad samt till missionen.<\/p>\n<p><strong>V\u00e4gkyrka<\/strong> anordnas varje \u00e5r fredag-s\u00f6ndag veckan efter midsommar.<\/p>\n<p><strong>Gudstj\u00e4nsterna<\/strong> h\u00e5lls regelbundet. Se annonser i Sm\u00e5lands-Tidningen samt information p\u00e5 hemsidan.<\/p>\n","protected":false},"excerpt":{"rendered":"<p>Kulla Kapell \u00e4gs och drivs av den ideella Kulla Kapellf\u00f6reningen. \u00c5rsm\u00f6te h\u00e5lls i mars m\u00e5nad. Medlem i kapellf\u00f6reningen blir man genom att betala in 50 :- (enskild person), 100:- (familj) p\u00e5 plusgiro 930929-5. Uppge namn och adress. Grupper och aktiviteter i Kulla kapell Kulla Lilla Syf\u00f6rening grundades redan 1911. Samlingar och utflykter st\u00e5r p\u00e5 programmet. [&hellip;]<\/p>\n","protected":false},"author":1,"featured_media":0,"parent":0,"menu_order":0,"comment_status":"open","ping_status":"open","template":"","meta":[],"_links":{"self":[{"href":"https:\/\/www.kullakapell.nu\/index.php?rest_route=\/wp\/v2\/pages\/62"}],"collection":[{"href":"https:\/\/www.kullakapell.nu\/index.php?rest_route=\/wp\/v2\/pages"}],"about":[{"href":"https:\/\/www.kullakapell.nu\/index.php?rest_route=\/wp\/v2\/types\/page"}],"author":[{"embeddable":true,"href":"https:\/\/www.kullakapell.nu\/index.php?rest_route=\/wp\/v2\/users\/1"}],"replies":[{"embeddable":true,"href":"https:\/\/www.kullakapell.nu\/index.php?rest_route=%2Fwp%2Fv2%2Fcomments&post=62"}],"version-history":[{"count":2,"href":"https:\/\/www.kullakapell.nu\/index.php?rest_route=\/wp\/v2\/pages\/62\/revisions"}],"predecessor-version":[{"id":2627,"href":"https:\/\/www.kullakapell.nu\/index.php?rest_route=\/wp\/v2\/pages\/62\/revisions\/2627"}],"wp:attachment":[{"href":"https:\/\/www.kullakapell.nu\/index.php?rest_route=%2Fwp%2Fv2%2Fmedia&parent=62"}],"curies":[{"name":"wp","href":"https:\/\/api.w.org\/{rel}","templated":true}]}}

Föreningen

<p>Kulla Kapell ägs och drivs av den ideella <strong>Kulla Kapellföreningen</strong>.<br />
Årsmöte hålls i mars månad.<br />
Medlem i kapellföreningen blir man genom att betala in 50 :- (enskild person),<br />
100:- (familj) på plusgiro 930929-5. Uppge namn och adress.</p>
<h1>Grupper och aktiviteter i Kulla kapell</h1>
<p><strong>Kulla Lilla Syförening</strong> grundades redan 1911. Samlingar och utflykter står på programmet. Syföreningen skänker pengar till kapellets prydnad samt till missionen.</p>
<p><strong>Vägkyrka</strong> anordnas varje år fredag-söndag veckan efter midsommar.</p>
<p><strong>Gudstjänsterna</strong> hålls regelbundet. Se annonser i Smålands-Tidningen samt information på hemsidan.</p>

<p>Kulla Kapell ägs och drivs av den ideella Kulla Kapellföreningen. Årsmöte hålls i mars månad. Medlem i kapellföreningen blir man genom att betala in 50 :- (enskild person), 100:- (familj) på plusgiro 930929-5. Uppge namn och adress. Grupper och aktiviteter i Kulla kapell Kulla Lilla Syförening grundades redan 1911. Samlingar och utflykter står på programmet. [&hellip;]</p>
